s digit of 16619848?
1
What is the ten thousands digit of 192658?
9
What is the hundreds digit of 4181896?
8
What is the thousands digit of 889948?
9
What is the units digit of 879077?
7
What is the ten thousands digit of 3899718?
9
What is the units digit of 7381?
1
What is the units digit of 523297?
7
What is the hundreds digit of 215295?
2
What is the hundreds digit of 49852?
8
What is the units digit of 1177375?
5
What is the hundreds digit of 26288337?
3
What is the hundreds digit of 588479?
4
What is the hundreds digit of 11121869?
8
What is the hundred thousands digit of 2125661?
1
What is the tens digit of 136325?
2
What is the hundreds digit of 19226505?
5
What is the millions digit of 22849448?
2
What is the ten millions digit of 13023600?
1
What is the ten thousands digit of 203701?
0
What is the hundred thousands digit of 15546632?
5
What is the millions digit of 5650166?
5
What is the units digit of 229041?
1
What is the tens digit of 40577?
7
What is the hundreds digit of 55605?
6
What is the hundreds digit of 1180246?
2
What is the hundreds digit of 277509?
5
What is the ten thousands digit of 7882113?
8
What is the units digit of 25326303?
3
What is the thousands digit of 266697?
6
What is the thousands digit of 856683?
6
What is the units digit of 26346641?
1
What is the hundreds digit of 456609?
6
What is the tens digit of 661357?
5
What is the thousands digit of 19970044?
0
What is the tens digit of 817180?
8
What is the units digit of 477788?
8
What is the units digit of 75457?
7
What is the ten thousands digit of 3857622?
5
What is the thousands digit of 1752391?
2
What is the hundred thousands digit of 173792?
1
What is the tens digit of 1623335?
3
What is the units digit of 187473?
3
What is the millions digit of 5059615?
5
What is the ten thousands digit of 158421?
5
What is the units digit of 233322?
2
What is the hundred thousands digit of 419127?
4
What is the units digit of 709251?
1
What is the hundreds digit of 6423251?
2
What is the millions digit of 2418078?
2
What is the units digit of 3380170?
0
What is the ten thousands digit of 299801?
9
What is the millions digit of 7286446?
7
What is the hundred thousands digit of 217729?
2
What is the hundreds digit of 729?
7
What is the ten thousands digit of 690307?
9
What is the thousands digit of 391397?
1
What is the hundred thousands digit of 1030230?
0
What is the hundreds digit of 211285?
2
What is the hundred thousands digit of 1943291?
9
What is the hundreds digit of 16331906?
9
What is the units digit of 4584333?
3
What is the tens digit of 3009446?
4
What is the tens digit of 318514?
1
What is the ten thousands digit of 2112732?
1
What is the units digit of 575566?
6
What is the hundreds digit of 492306?
3
What is the ten thousands digit of 230865?
3
What is the hundred thousands digit of 4372757?
3
What is the ten thousands digit of 20421?
2
What is the ten thousands digit of 215836?
1
What is the hundreds digit of 1085011?
0
What is the hundreds digit of 311651?
6
What is the tens digit of 195478?
7
What is the hundred thousands digit of 1042788?
0
What is the tens digit of 3732197?
9
What is the hundred thousands digit of 2055411?
0
What is the tens digit of 2090179?
7
What is the hundreds digit of 2848868?
8
What is the thousands digit of 1709978?
9
What is the ten thousands digit of 14786200?
8
What is the hundred thousands digit of 262691?
2
What is the ten thousands digit of 2852245?
5
What is the thousands digit of 11631649?
1
What is the hundreds digit of 81290?
2
What is the thousands digit of 9665058?
5
What is the millions digit of 7892632?
7
What is the units digit of 99573?
3
What is the tens digit of 342830?
3
What is the ten thousands digit of 1021077?
2
What is the hundreds digit of 449387?
3
What is the tens digit of 18980238?
3
What is the hundreds digit of 3039978?
9
What is the thousands digit of 24968939?
8
What is the ten thousands digit of 210520?
1
What is the tens digit of 2219996?
9
What is the units digit of 365927?
7
What is the units digit of 134956?
6
What is the hundred thousands digit of 3747692?
7
What is the tens digit of 174278?
7
What is the units digit of 6547322?
2
What is the tens digit of 757522?
2
What is the units digit of 3472957?
7
What is the ten thousands digit of 730970?
3
What is the hundreds digit of 362398?
3
What is the units digit of 608326?
6
What is the thousands digit of 369538?
9
What is the units digit of 13511859?
9
What is the ten millions digit of 28743094?
2
What is the units digit of 14788589?
9
What is the tens digit of 7496766?
6
What is the hundred thousands digit of 147901?
1
What is the thousands digit of 988750?
8
What is the units digit of 1377164?
4
What is the tens digit of 20563471?
7
What is the hundred thousands digit of 13591821?
5
What is the hundreds digit of 13101?
1
What is the hundreds digit of 526994?
9
What is the thousands digit of 3656647?
6
What is the tens digit of 5428889?
8
What is the hundred thousands digit of 362723?
3
What is the units digit of 135415?
5
What is the ten millions digit of 12568030?
1
What is the tens digit of 2440419?
1
What is the hundred thousands digit of 961686?
9
What is the tens digit of 7829076?
7
What is the hundreds digit of 124560?
5
What is the units digit of 677150?
0
What is the hundred thousands digit of 212803?
2
What is the ten thousands digit of 22463?
2
What is the tens digit of 390280?
8
What is the ten thousands digit of 1495279?
9
What is the hundred thousands digit of 236914?
2
What is the hundred thousands digit of 2317670?
3
What is the units digit of 4482?
2
What is the thousands digit of 706252?
6
What is the units digit of 1997841?
1
What is the ten thousands digit of 157104?
5
What is the units digit of 29241?
1
What is the ten thousands digit of 25828196?
2
What is the ten millions digit of 12759731?
1
What is the units digit of 560656?
6
What is the hundred thousands digit of 14450319?
4
What is the units digit of 109314?
4
What is the tens digit of 4810637?
3
What is the thousands digit of 63789?
3
What is the thousands digit of 649515?
9
What is the ten thousands digit of 1255440?
5
What is the units digit of 3394288?
8
What is the thousands digit of 178210?
8
What is the millions digit of 2437977?
2
What is the hundred thousands digit of 2596670?
5
What is the thousands digit of 478585?
8
What is the thousands digit of 574080?
4
What is the ten millions digit of 15561973?
1
What is the hundreds digit of 2144816?
8
What is the millions digit of 5943566?
5
What is the tens digit of 207672?
7
What is the ten millions digit of 23845926?
2
What is the ten thousands digit of 644684?
4
What is the hundred thousands digit of 412555?
4
What is the hundreds digit of 2602267?
2
What is the thousands digit of 93561?
3
What is the millions digit of 15186096?
5
What is the hundred thousands digit of 2832485?
8
What is the hundreds digit of 423617?
6
What is the hundreds digit of 2915654?
6
What is the tens digit of 9504806?
0
What is the hundreds digit of 1940040?
0
What is the hundreds digit of 11488091?
0
What is the thousands digit of 72208?
2
What is the hundred thousands digit of 5369137?
3
What is the hundreds digit of 206038?
0
What is the hundreds digit of 11506432?
4
What is the tens digit of 111080?
8
What is the hundreds digit of 461935?
9
What is the tens digit of 474093?
9
What is the ten thousands digit of 114561?
1
What is the ten millions digit of 11668851?
1
What is the units digit of 735419?
9
What is the hundred thousands digit of 4645087?
6
What is the hundred thousands digit of 7932659?
9
What is the thousands digit of 9522723?
2
What is the hundred thousands digit of 458832?
4
What is the millions digit of 1480134?
1
What is the hundred thousands digit of 748252?
7
What is the ten thousands digit of 545968?
4
What is the ten thousands digit of 6560749?
6
What is the thousands digit of 107134?
7
What is the ten thousands digit of 903252?
0
What is the hundred thousands digit of 2965652?
9
What is the hundreds digit of 23829104?
1
What is the ten thousands digit of 129626?
2
What is the thousands digit of 93504?
3
What is the hundred thousands digit of 1278551?
2
What is the hundred thousands digit of 12409061